 Let n be v(30). Calculate the highest common divisor of 46 and n.
23
Let r = -71 + 76. Suppose 0 = 2*f + 3*j - r, 0*j - 6 = -2*f - 2*j. What is the greatest common divisor of 16 and f?
4
Let q(a) = a**2 - 8*a - 19. Let g be q(12). What is the highest common divisor of 406 and g?
29
Let l be 1*-7*(-35)/7. Let y be -2 + -2 + (2 - -16). What is the highest common divisor of y and l?
7
Let g = -11 - -57. Suppose -g*h = -49*h + 363. What is the highest common factor of h and 11?
11
Suppose -1502 = -4*s - 5*r, 4*s = -0*r + 2*r + 1516. Suppose 8*w - s = w. What is the greatest common factor of 36 and w?
18
Suppose -64 = -n - 4*d - 4, 4*n = -2*d + 254. Let c be (-2)/3*6*-12. Calculate the highest common divisor of c and n.
16
Let l be 855 - 117/(-3 + -6). Calculate the greatest common divisor of l and 620.
124
Suppose -4*v = 3*n - 132, -36 = 4*n - v - 193. Let p = -143 + 203. What is the greatest common divisor of p and n?
20
Let c = -1332 - -1384. What is the highest common factor of 16 and c?
4
Suppose 3 = -2*n - 5. Let c be -5*n/(12/33). Suppose -3*w = 15, 35 = 3*j + 3*w - 16. What is the greatest common factor of c and j?
11
Let h be 10 + 3/((-15)/20). Let v be 4*((-22)/(-16))/(h/12). Calculate the highest common divisor of v and 1.
1
Suppose -11*s = -7*s - 624. Calculate the highest common divisor of 260 and s.
52
Suppose v - 9 = 10. Let i(w) be the second derivative of -5*w**3/2 + 5*w**2/2 - 10*w. Let j be i(-6). Calculate the highest common factor of j and v.
19
Let i(m) be the second derivative of m**4/6 - 17*m**3/6 + m**2/2 - 11*m. Let l be i(11). Calculate the highest common factor of 7 and l.
7
Suppose -3*p = -2*p - 1. Let o(x) = 24*x - 3. Let d be o(p). Suppose 2*s - 5*k + 0 = 3, 4*k - d = -s. Calculate the highest common factor of 3 and s.
3
Let v = -243 - -261. What is the highest common divisor of 18 and v?
18
Let o(l) = -2*l**3 - 18*l**2 - 9*l + 7. Let a be o(-9). What is the highest common divisor of 120 and a?
8
Suppose -76*s - 430 = -50*s - 36*s. Suppose -a + 173 = 2*n, -3*n = 3*a + a - 262. Calculate the highest common divisor of s and n.
43
Suppose 3*g = -f + 1352, -1225 = -3*g + 2*f + 121. Suppose 4*t + g = 9*t. Let u be (t/8)/(12/64). Calculate the highest common factor of u and 12.
12
Let c = -859 + 877. What is the highest common factor of c and 1530?
18
Let q = -1329 - -1368. Calculate the greatest common factor of q and 403.
13
Let i be ((-12)/24)/(2/(-12)). Suppose 0 = -j + 2*l - i, -9 = -2*j - 2*l + 15. Let z = 3 - -4. What is the greatest common divisor of j and z?
7
Suppose 0 = 6*i - 24, 2*m + 0*i - 2*i - 114 = 0. What is the greatest common factor of 671 and m?
61
Let h = -172 - -235. Calculate the greatest common divisor of h and 9.
9
Let m = -272 - -294. Let x = 7 - 5. Calculate the greatest common divisor of m and x.
2
Let d(m) = m**2 + 10*m + 12. Let z be d(-8). Let c be 4/(-3 - z - -1). Let s be 2 + 0 - 0/7. Calculate the highest common divisor of s and c.
2
Let y = 7 + 4. Let z = -764 + 808. Calculate the highest common factor of z and y.
11
Suppose -3*d + 4*d + 12 = 0. Let c be (1/2)/((-1)/d). What is the highest common factor of c and 6?
6
Let i = -6 - -6. Suppose i = -7*y + 6*y + 70. Suppose 5*n + 0*k = k + 50, 0 = 5*n + 2*k - 50. Calculate the highest common divisor of n and y.
10
Let a(k) = k**2 + 9*k + 20. Let c be a(-6). Suppose -c*u - 2*p = -254, -2*u - 5*p - 3 = -254. What is the greatest common factor of 8 and u?
8
Suppose l - 4*i + 8 = 0, i - 2 = 5*l - 0*l. Suppose -2*g + 3*g - 36 = -s, l = -g + s + 28. What is the highest common factor of 256 and g?
32
Let k(n) = -n**2 + n - 1. Let l(u) = u**3 + 7*u**2 - 9*u. Let f(y) = -3*k(y) + l(y). Let a be f(-11). What is the greatest common factor of 28 and a?
14
Let c be 20*7/98*7. What is the greatest common factor of 160 and c?
10
Let l = -32 - -45. Suppose 12*j - l*j = -46. What is the greatest common divisor of j and 23?
23
Suppose -2*h + h + 2*x + 175 = 0, 0 = 2*h - 3*x - 355. Calculate the highest common divisor of h and 74.
37
Let k = 648 + -192. Let m be k/28 + 2/(-7). Suppose 0 = 20*l - 334 - 306. Calculate the highest common divisor of l and m.
16
Suppose t = 2*t - 34. Suppose 2*f - 11*f = -18. Suppose -4*b = u - t, -112 = -4*u - f*b - 2*b. Calculate the highest common factor of 13 and u.
13
Suppose 4*y - 248 = -3*b, 0 = -b - 2*y + 19 + 67. Suppose -2*v + 4*i = i - 36, b = 3*v + i. What is the greatest common divisor of 6 and v?
6
Suppose -2*i = -2*o - 324, -3*o + 44 = -i + 206. What is the greatest common factor of i and 81?
81
Let j(x) = -4*x - 3. Let o be j(-8). Let d = -11 + o. Calculate the highest common factor of d and 18.
18
Suppose -5*a = -15, o = -3*a + 36 + 29. What is the greatest common factor of o and 140?
28
Let n(g) = 29*g**2 + 287*g - 13. Let p be n(-10). Let i(b) = -36*b + 7. Let u be i(-5). What is the greatest common factor of u and p?
17
Let m = -134 + 135. Let h be 5/(-3) + (-3)/9. Let q be 2*(m - h) - -2. Calculate the highest common factor of 16 and q.
8
Suppose -5*k + 1374 = -3771. Calculate the highest common factor of k and 21.
21
Let a = 918 - 542. What is the highest common factor of a and 47?
47
Suppose 2*q = -4, 0 = -6*i + 2*i - q + 2. Let r be ((-3)/(-15))/(i/5). Let n be (r*-2)/(15/(-75)). What is the greatest common divisor of 110 and n?
10
Suppose 8 = 4*y + 4*i, i + 2 - 16 = -4*y. Suppose -y*l + l + 84 = 0. Let q = -16 + 20. Calculate the highest common factor of l and q.
4
Suppose -513 = 21*o - 40*o. Let c be (-2 - -17)*(-3)/(-5). Calculate the greatest common factor of c and o.
9
Let m(w) = 201*w**2 + 5*w - 3. Let y be m(1). Calculate the highest common divisor of 28 and y.
7
Let f(d) = d**3 - 9*d**2 - 3*d + 27. Let t be f(12). What is the greatest common factor of t and 94?
47
Let p = -9 + 13. Let u = p + 2. Let w be (-4)/(-12) - (-106)/u. Calculate the highest common factor of w and 2.
2
Let k be (1 + -6)/(9/(-45)). Suppose -2*c + k = 3*j - 3, c - 4*j = -8. What is the highest common divisor of c and 20?
4
Let o(q) = 15*q - 168. Let p be o(13). What is the greatest common factor of 6 and p?
3
Let v be (-4954)/(-22) - (-10)/(-55). What is the greatest common divisor of 45 and v?
45
Let o be (((-45)/(-6))/3)/((-7)/14). Let t(w) = -20*w - 16. Let h be t(o). Calculate the highest common divisor of h and 12.
12
Let n be 6/(-4)*20/(-15). Let f(k) = 0*k**3 + 3 - k**3 + 3*k - 4*k**n - 8*k + k. Let t be f(-4). Calculate the greatest common divisor of t and 57.
19
Let z be (20/(-6))/(-2 - 124/(-72)). Suppose 3*d + 12 = -d. Let s be (-1 + (-2)/d)*-12. What is the highest common factor of z and s?
4
Let h = -101 - -106. Calculate the greatest common divisor of 55 and h.
5
Let t(f) = -f**3 + 7*f**2 - 6*f + 10. Let a be t(6). Let d be 2/10 + 998/a. Let l be ((-15)/9)/(6/(-90)). Calculate the greatest common divisor of d and l.
25
Let r(t) = t**3 + 31*t**2 + 23*t - 75. Let s be r(-30). Calculate the greatest common divisor of s and 81.
27
Let j(p) = -2*p**3 + p**2 + p + 1. Let c be j(-3). What is the highest common divisor of 183 and c?
61
Let r(s) = s**3 + s. Let h(p) = -2*p**3 + 27*p**2 - 30*p + 28. Let u(q) = -h(q) - r(q). Let m be u(26). What is the greatest common divisor of 10 and m?
10
Let i(z) = -z**3 - 3*z**2 - 14*z - 8. Let m be i(-5). What is the highest common divisor of 96 and m?
16
Let h be ((-1232)/5)/(76/(-380)). Calculate the greatest common divisor of h and 56.
56
Let p(x) = x**3 + 11*x**2 - 3*x + 3. Let d be p(-11). Let g be (14/(-5))/(5/25). Let l = g + 23. What is the greatest common factor of l and d?
9
Suppose -5*z + 4 + 5 = 4*y, -4*z - y + 5 = 0. Let o(c) = 104*c**2 - 2*c + 2. Let k be o(z). What is the greatest common divisor of k and 13?
13
Let d = 66 + -41. Let u be 3370/d + (6/5 - 1). Let q = -33 + 60. What is the highest common factor of u and q?
27
Suppose -3*l + 4*j + 97 = 1, l - 32 = 2*j. What is the greatest common divisor of 40 and l?
8
Let t = 350 + -347. Calculate the greatest common divisor of 15 and t.
3
Let u be (8/12)/((-4)/(-126)). Let d be (-13 - -58) + -1 + -2. Calculate the highest common divisor of u and d.
21
Let s(k) = k**3 - k**2 - 4*k - 5. Let c be s(4). Suppose 0 = 86*f - 90*f + 36. Suppose -f*q = -3*q - 54. What is the greatest common divisor of q and c?
9
Let k(s) = 96*s*